35
Calculate the remainder when 25535 is divided by 28.
27
What is the remainder when 1440 is divided by 37?
34
What is the remainder when 25 is divided by 14?
11
What is the remainder when 321 is divided by 155?
11
Calculate the remainder when 446 is divided by 37.
2
What is the remainder when 433 is divided by 14?
13
Calculate the remainder when 40 is divided by 21.
19
Calculate the remainder when 36 is divided by 10.
6
Calculate the remainder when 50 is divided by 28.
22
Calculate the remainder when 9 is divided by 4.
1
Calculate the remainder when 75613 is divided by 68.
65
What is the remainder when 1197 is divided by 24?
21
What is the remainder when 312 is divided by 38?
8
What is the remainder when 9623 is divided by 55?
53
Calculate the remainder when 1722 is divided by 193.
178
What is the remainder when 5788 is divided by 16?
12
Calculate the remainder when 237 is divided by 2.
1
What is the remainder when 142 is divided by 24?
22
What is the remainder when 25 is divided by 6?
1
What is the remainder when 111 is divided by 61?
50
What is the remainder when 1142 is divided by 29?
11
Calculate the remainder when 3851 is divided by 82.
79
Calculate the remainder when 168 is divided by 62.
44
Calculate the remainder when 55 is divided by 22.
11
What is the remainder when 4352 is divided by 1447?
11
What is the remainder when 10144 is divided by 203?
197
Calculate the remainder when 564 is divided by 59.
33
What is the remainder when 7666 is divided by 36?
34
What is the remainder when 788 is divided by 2?
0
What is the remainder when 7 is divided by 7?
0
Calculate the remainder when 6598 is divided by 110.
108
Calculate the remainder when 13 is divided by 2.
1
What is the remainder when 1126 is divided by 49?
48
What is the remainder when 1132 is divided by 224?
12
Calculate the remainder when 73 is divided by 5.
3
Calculate the remainder when 183 is divided by 37.
35
Calculate the remainder when 2360 is divided by 182.
176
Calculate the remainder when 3501 is divided by 353.
324
What is the remainder when 204 is divided by 53?
45
What is the remainder when 131 is divided by 60?
11
What is the remainder when 588 is divided by 176?
60
What is the remainder when 18 is divided by 17?
1
Calculate the remainder when 12863 is divided by 96.
95
Calculate the remainder when 166 is divided by 6.
4
What is the remainder when 402 is divided by 203?
199
What is the remainder when 365 is divided by 61?
60
Calculate the remainder when 104 is divided by 41.
22
Calculate the remainder when 1197 is divided by 594.
9
What is the remainder when 50 is divided by 28?
22
What is the remainder when 153 is divided by 69?
15
Calculate the remainder when 1655 is divided by 92.
91
Calculate the remainder when 1328 is divided by 27.
5
Calculate the remainder when 114 is divided by 65.
49
Calculate the remainder when 306 is divided by 93.
27
What is the remainder when 3994 is divided by 16?
10
Calculate the remainder when 311 is divided by 78.
77
What is the remainder when 4352 is divided by 1087?
4
What is the remainder when 119 is divided by 99?
20
What is the remainder when 232 is divided by 13?
11
What is the remainder when 157 is divided by 16?
13
Calculate the remainder when 3301 is divided by 659.
6
What is the remainder when 364 is divided by 40?
4
What is the remainder when 1991 is divided by 145?
106
Calculate the remainder when 78 is divided by 5.
3
What is the remainder when 1039 is divided by 12?
7
What is the remainder when 272 is divided by 47?
37
What is the remainder when 1022 is divided by 111?
23
What is the remainder when 2069 is divided by 56?
53
What is the remainder when 39 is divided by 21?
18
Calculate the remainder when 110 is divided by 29.
23
Calculate the remainder when 486 is divided by 24.
6
What is the remainder when 775 is divided by 27?
19
Calculate the remainder when 1882 is divided by 125.
7
What is the remainder when 1298 is divided by 641?
16
Calculate the remainder when 111 is divided by 67.
44
What is the remainder when 18498 is divided by 58?
54
Calculate the remainder when 1343 is divided by 35.
13
What is the remainder when 818 is divided by 26?
12
Calculate the remainder when 1093 is divided by 186.
163
Calculate the remainder when 973 is divided by 39.
37
Calculate the remainder when 70 is divided by 42.
28
What is the remainder when 182 is divided by 61?
60
Calculate the remainder when 1099 is divided by 10.
9
Calculate the remainder when 116 is divided by 15.
11
Calculate the remainder when 51642 is divided by 165.
162
Calculate the remainder when 118 is divided by 43.
32
Calculate the remainder when 404 is divided by 69.
59
What is the remainder when 747 is divided by 75?
72
What is the remainder when 711 is divided by 34?
31
What is the remainder when 8 is divided by 3?
2
What is the remainder when 300 is divided by 66?
36
What is the remainder when 242 is divided by 69?
35
Calculate the remainder when 244 is divided by 26.
10
Calculate the remainder when 1636 is divided by 542.
10
Calculate the remainder when 100 is divided by 27.
19
Calculate the remainder when 214 is divided by 122.
92
Calculate the remainder when 8051 is divided by 76.
71
Calculate the remainder when 163 is divided by 59.
45
Calculate the remainder when 171 is divided by 43.
42
What is the remainder when 439 is divided by 229?
210
What is the remainder when 100 is divided by 49?
2
What is the remainder when 2020 is divided by 22?
18
What is the remainder when 634 is divided by 299?
36
What is the remainder when 112 is divided by 52?
8
Calculate the remainder when 1821 is divided by 33.
6
What is the remainder when 49 is divided by 30?
19
Calculate the remainder when 704 is divided by 52.
28
Calculate the remainder when 112 is divided by 41.
30
What is the remainder when 50 is divided by 29?
21
What is the remainder when 1583 is divided by 24?
23
What is the remainder when 2725 is divided by 29?
28
Calculate the remainder when 1271 is divided by 67.
65
What is the remainder when 354 is divided by 111?
21
What is the remainder when 224 is divided by 56?
0
Calculate the remainder when 86 is divided by 19.
10
Calculate the remainder when 298 is divided by 99.
1
What is the remainder when 150 is divided by 71?
8
Calculate the remainder when 511 is divided by 8.
7
Calculate the remainder when 316 is divided by 163.
153
Calculate the remainder when 1118 is divided by 369.
11
What is the remainder when 814 is divided by 49?
30
What is the remainder when 154 is divided by 5?
4
Calculate the remainder when 1762 is divided by 57.
52
What is the remainder when 89 is divided by 4?
1
What is the remainder when 66 is divided by 19?
9
What is the remainder when 276 is divided by 90?
6
Calculate the remainder when 252 is divided by 51.
48
Calculate the remainder when 2208 is divided by 79.
75
What is the remainder when 458 is divided by 51?
50
What is the remainder when 1246 is divided by 252?
238
What is the remainder when 969 is divided by 108?
105
What is the remainder when 4041 is divided by 34?
29
What is the remainder when 2367 is divided by 79?
76
What is the remainder when 208 is divided by 43?
36
Calculate the remainder when 44 is divided by 9.
8
What is the remainder when 53 is divided by 5?
3
What is the remainder when 183 is divided by 177?
6
What is the remainder when 7796 is divided by 14?
12
Calculate the remainder when 421 is divided by 111.
88
Calculate the remainder when 1375 is divided by 6.
1
What is the remainder when 1752 is divided by 37?
13
What is the remainder when 6664 is divided by 113?
110
What is the remainder when 11628 is divided by 21?
15
Calculate the remainder when 84 is divided by 24.
12
Calculate the remainder when 233 is divided by 75.
8
Calculate the remainder when 1811 is divided by 82.
7
Calculate the remainder when 671 is divided by 640.
31
What is the remainder when 598 is divided by 62?
40
Calculate the remainder when 219 is divided by 72.
3
Calculate the remainder when 735 is divided by 162.
87
What is the remainder when 2725 is divided by 452?
13
Calculate the remainder when 3592 is divided by 15.
7
Calculate the remainder when 303 is divided by 14.
9
What is the remainder when 1294 is divided by 425?
19
Calculat